lculate the remainder when 140399 is divided by 52.
51
What is the remainder when 181051 is divided by 18096?
91
Calculate the remainder when 132634 is divided by 961.
16
What is the remainder when 14428 is divided by 60?
28
What is the remainder when 2183886 is divided by 629?
627
What is the remainder when 83158 is divided by 440?
438
What is the remainder when 1518449 is divided by 75?
74
Calculate the remainder when 4460 is divided by 1014.
404
Calculate the remainder when 13960 is divided by 1.
0
What is the remainder when 180498 is divided by 190?
188
What is the remainder when 2131201 is divided by 3?
1
What is the remainder when 2260 is divided by 1644?
616
Calculate the remainder when 69748 is divided by 1453.
4
Calculate the remainder when 13175 is divided by 14.
1
What is the remainder when 1994 is divided by 12?
2
Calculate the remainder when 761097 is divided by 152213.
32
What is the remainder when 7255 is divided by 3623?
9
Calculate the remainder when 126519 is divided by 20.
19
What is the remainder when 95703 is divided by 190?
133
What is the remainder when 2936 is divided by 702?
128
Calculate the remainder when 6415 is divided by 315.
115
Calculate the remainder when 22808 is divided by 812.
72
What is the remainder when 1550 is divided by 176?
142
Calculate the remainder when 161758 is divided by 32.
30
Calculate the remainder when 9005 is divided by 200.
5
Calculate the remainder when 14733 is divided by 4884.
81
Calculate the remainder when 128551 is divided by 42848.
7
What is the remainder when 9412 is divided by 56?
4
Calculate the remainder when 2048 is divided by 557.
377
What is the remainder when 423914 is divided by 140?
134
What is the remainder when 450 is divided by 196?
58
Calculate the remainder when 1400 is divided by 284.
264
What is the remainder when 18650 is divided by 311?
301
What is the remainder when 46649 is divided by 32?
25
What is the remainder when 3361 is divided by 300?
61
What is the remainder when 287186 is divided by 57435?
11
Calculate the remainder when 59980 is divided by 19968.
76
What is the remainder when 596 is divided by 593?
3
Calculate the remainder when 2463 is divided by 274.
271
Calculate the remainder when 15157 is divided by 3031.
2
What is the remainder when 18362 is divided by 1669?
3
What is the remainder when 3342 is divided by 230?
122
Calculate the remainder when 3312 is divided by 3155.
157
Calculate the remainder when 191393 is divided by 957.
950
Calculate the remainder when 65682 is divided by 21862.
96
Calculate the remainder when 9149214 is divided by 1426.
1424
Calculate the remainder when 12598 is divided by 452.
394
Calculate the remainder when 2123924 is divided by 31.
21
What is the remainder when 226168 is divided by 21?
19
What is the remainder when 45276 is divided by 72?
60
Calculate the remainder when 25158 is divided by 25134.
24
Calculate the remainder when 10254 is divided by 59.
47
What is the remainder when 19059 is divided by 187?
172
What is the remainder when 397135 is divided by 275?
35
Calculate the remainder when 5045 is divided by 422.
403
Calculate the remainder when 2545 is divided by 34.
29
What is the remainder when 600909 is divided by 200299?
12
Calculate the remainder when 6042 is divided by 61.
3
What is the remainder when 62474 is divided by 161?
6
Calculate the remainder when 109022 is divided by 36253.
263
Calculate the remainder when 108548 is divided by 3101.
13
Calculate the remainder when 396 is divided by 234.
162
Calculate the remainder when 4231 is divided by 32.
7
What is the remainder when 3691 is divided by 204?
19
Calculate the remainder when 1530 is divided by 253.
12
What is the remainder when 15347 is divided by 1527?
77
What is the remainder when 1198 is divided by 238?
8
Calculate the remainder when 3356 is divided by 1630.
96
Calculate the remainder when 4897 is divided by 108.
37
Calculate the remainder when 926 is divided by 9.
8
What is the remainder when 1386 is divided by 861?
525
Calculate the remainder when 10471 is divided by 3483.
22
Calculate the remainder when 12755 is divided by 269.
112
What is the remainder when 112210 is divided by 204?
10
Calculate the remainder when 10041 is divided by 496.
121
Calculate the remainder when 4270 is divided by 1067.
2
What is the remainder when 6096287 is divided by 2024?
2023
What is the remainder when 8213 is divided by 8206?
7
Calculate the remainder when 207668 is divided by 204.
200
Calculate the remainder when 7155 is divided by 231.
225
Calculate the remainder when 2271 is divided by 757.
0
What is the remainder when 19220 is divided by 20?
0
What is the remainder when 677052 is divided by 77?
68
Calculate the remainder when 41852 is divided by 1073.
5
Calculate the remainder when 109654 is divided by 36547.
13
Calculate the remainder when 59388 is divided by 59282.
106
What is the remainder when 149694 is divided by 20?
14
What is the remainder when 6297 is divided by 350?
347
What is the remainder when 1664519 is divided by 862?
859
What is the remainder when 293120 is divided by 146539?
42
What is the remainder when 5405 is divided by 9?
5
What is the remainder when 2967 is divided by 125?
92
Calculate the remainder when 84573 is divided by 1191.
12
Calculate the remainder when 1086 is divided by 37.
13
What is the remainder when 14802 is divided by 286?
216
What is the remainder when 409185 is divided by 109?
108
Calculate the remainder when 164158 is divided by 27.
25
Calculate the remainder when 212355 is divided by 29.
17
What is the remainder when 28128 is divided by 9186?
570
Calculate the remainder when 13286 is divided by 68.
26
What is the remainder when 37238 is divided by 12409?
11
What is the remainder when 12072 is divided by 995?
132
Calculate the remainder when 1228975 is divided by 6084.
7
Calculate the remainder when 42899 is divided by 21445.
9
What is the remainder when 8899 is divided by 142?
95
What is the remainder when 373391 is divided by 1212?
95
Calculate the remainder when 5011 is divided by 5011.
0
Calculate the remainder when 5955 is divided by 34.
5
Calculate the remainder when 81671 is divided by 121.
117
Calculate the remainder when 82519 is divided by 13745.
49
What is the remainder when 15050 is divided by 3531?
926
Calculate the remainder when 351 is divided by 32.
31
What is the remainder when 773859 is divided by 64488?
3
Calculate the remainder when 9455 is divided by 394.
393
Calculate the remainder when 278649 is divided by 7332.
33
Calculate the remainder when 109906 is divided by 426.
424
What is the remainder when 18435 is divided by 7?
4
What is the remainder when 5234 is divided by 5103?
131
What is the remainder when 17161 is divided by 67?
9
What is the remainder when 118458 is divided by 3037?
15
What is the remainder when 3595 is divided by 1742?
111
What is the remainder when 10375 is divided by 125?
0
What is the remainder when 211802 is divided by 56?
10
What is the remainder when 4026 is divided by 215?
156
Calculate the remainder when 96153 is divided by 58.
47
Calculate the remainder when 17075 is divided by 220.
135
What is the remainder when 1667 is divided by 634?
399
Calculate the remainder when 13806 is divided by 120.
6
Calculate the remainder when 9789 is divided by 674.
353
Calculate the remainder when 21735 is divided by 10818.
99
What is the remainder when 757 is divided by 5?
2
What is the remainder when 37872 is divided by 421?
403
Calculate the remainder when 86783 is divided by 113.
112
What is the remainder when 2331 is divided by 74?
37
What is the remainder when 62580 is divided by 15642?
12
Calculate the remainder when 269 is divided by 225.
44
Calculate the remainder when 2655441 is divided by 78.
9
What is the remainder when 7867 is divided by 291?
10
Calculate the remainder when 1502570 is divided by 20.
10
What is the remainder when 73326 is divided by 2157?
2145
Calculate the remainder when 71271 is divided by 849.
804
What is the remainder when 76198 is divided by 7?
3
Calculate the remainder when 239271 is divided by 11.
10
Calculate the remainder when 6631 is divided by 212.
59
Calculate the remainder when 61958 is divided by 196.
22
What is the remainder when 24694 is d